on factor of 8 and 1024?
8
What is the greatest common factor of 62 and 217?
31
Calculate the highest common divisor of 3507 and 21.
21
What is the greatest common divisor of 8 and 10?
2
Calculate the greatest common divisor of 639 and 4899.
213
Calculate the greatest common factor of 38 and 2698.
38
What is the greatest common divisor of 24 and 6924?
12
Calculate the highest common divisor of 345 and 759.
69
What is the greatest common factor of 35 and 721?
7
Calculate the highest common divisor of 6 and 40.
2
Calculate the greatest common divisor of 1435 and 1645.
35
What is the greatest common divisor of 162 and 9?
9
What is the greatest common factor of 500 and 700?
100
Calculate the greatest common divisor of 22 and 66.
22
Calculate the highest common factor of 18492 and 536.
268
What is the highest common divisor of 1044 and 45?
9
What is the greatest common factor of 81 and 1485?
27
What is the greatest common divisor of 600 and 1335?
15
Calculate the highest common divisor of 4360 and 320.
40
Calculate the highest common factor of 105 and 840.
105
What is the highest common divisor of 65 and 6695?
65
Calculate the greatest common factor of 18 and 18351.
9
What is the greatest common divisor of 1211 and 21?
7
What is the greatest common factor of 78 and 377?
13
Calculate the greatest common divisor of 1520 and 340.
20
What is the highest common divisor of 352 and 1672?
88
Calculate the highest common factor of 351 and 54.
27
Calculate the highest common factor of 526 and 34979.
263
What is the greatest common factor of 66 and 462?
66
Calculate the greatest common factor of 1669 and 3.
1
What is the greatest common factor of 295 and 236?
59
What is the highest common divisor of 14 and 4837?
7
Calculate the greatest common factor of 52 and 988.
52
Calculate the greatest common factor of 351 and 78.
39
Calculate the highest common divisor of 308 and 56.
28
What is the highest common factor of 1403 and 122?
61
Calculate the greatest common divisor of 1564 and 68.
68
Calculate the highest common factor of 80 and 2120.
40
What is the highest common factor of 204 and 2550?
102
Calculate the highest common divisor of 60 and 45.
15
Calculate the highest common divisor of 281 and 5.
1
Calculate the greatest common divisor of 3 and 2433.
3
Calculate the greatest common factor of 32 and 1424.
16
What is the greatest common divisor of 588 and 777?
21
What is the greatest common factor of 341 and 143?
11
What is the highest common factor of 371 and 106?
53
What is the greatest common divisor of 69713 and 7?
7
What is the highest common factor of 121767 and 111?
111
Calculate the greatest common factor of 6057 and 63.
9
Calculate the greatest common divisor of 32 and 1376.
32
Calculate the greatest common divisor of 144 and 18936.
72
What is the greatest common divisor of 560 and 224?
112
What is the highest common factor of 4 and 124?
4
Calculate the greatest common divisor of 380 and 4.
4
Calculate the highest common factor of 9 and 243.
9
What is the highest common divisor of 30 and 75?
15
What is the greatest common factor of 4 and 508?
4
What is the highest common factor of 297 and 132?
33
Calculate the greatest common factor of 351 and 13.
13
Calculate the greatest common divisor of 2493 and 27.
9
What is the highest common factor of 383 and 2?
1
Calculate the greatest common factor of 960 and 30.
30
Calculate the highest common divisor of 94 and 3478.
94
What is the highest common divisor of 3807 and 81?
81
What is the greatest common factor of 11 and 11?
11
Calculate the greatest common divisor of 32 and 1024.
32
Calculate the highest common divisor of 3706 and 34.
34
Calculate the greatest common divisor of 45 and 405.
45
What is the highest common divisor of 110 and 88?
22
Calculate the highest common divisor of 374 and 66.
22
Calculate the highest common divisor of 2 and 382.
2
Calculate the greatest common divisor of 5346 and 22.
22
What is the greatest common divisor of 1209 and 78?
39
What is the greatest common divisor of 18 and 36?
18
Calculate the highest common divisor of 816 and 1479.
51
What is the greatest common divisor of 42 and 12?
6
Calculate the highest common factor of 2562 and 42.
42
Calculate the greatest common factor of 7 and 131.
1
What is the highest common factor of 434 and 35?
7
What is the greatest common divisor of 57495 and 15?
15
What is the greatest common factor of 5193 and 9?
9
What is the greatest common divisor of 4 and 44?
4
Calculate the greatest common factor of 112 and 144.
16
What is the greatest common divisor of 133 and 722?
19
What is the greatest common factor of 70 and 1610?
70
Calculate the greatest common factor of 328 and 82.
82
What is the highest common divisor of 27 and 216?
27
What is the highest common factor of 4 and 68?
4
What is the greatest common divisor of 81 and 1782?
81
Calculate the highest common factor of 196 and 308.
28
Calculate the highest common factor of 3029 and 233.
233
What is the highest common divisor of 88 and 110?
22
Calculate the highest common divisor of 91 and 91.
91
Calculate the greatest common divisor of 91 and 637.
91
Calculate the highest common factor of 10 and 3730.
10
What is the highest common factor of 22 and 121?
11
Calculate the greatest common divisor of 560 and 112.
112
What is the highest common divisor of 38 and 6?
2
Calculate the greatest common divisor of 180 and 20.
20
What is the greatest common factor of 14 and 4487?
7
What is the highest common divisor of 6080 and 950?
190
Calculate the highest common divisor of 63 and 357.
21
What is the highest common divisor of 962 and 2960?
74
Calculate the greatest common factor of 7533 and 93.
93
Calculate the greatest common factor of 10769 and 178.
89
What is the greatest common factor of 1764 and 63?
63
Calculate the highest common factor of 560 and 525.
35
Calculate the highest common divisor of 53 and 12667.
53
Calculate the greatest common divisor of 1152 and 126.
18
Calculate the highest common factor of 72 and 1278.
18
Calculate the greatest common divisor of 24 and 1224.
24
Calculate the highest common divisor of 42 and 483.
21
What is the greatest common divisor of 774 and 24?
6
Calculate the greatest common factor of 18511 and 214.
107
Calculate the highest common divisor of 1722 and 12.
6
Calculate the greatest common divisor of 1024 and 128.
128
What is the greatest common divisor of 30 and 255?
15
Calculate the greatest common factor of 30 and 810.
30
What is the greatest common divisor of 136 and 106?
2
Calculate the highest common divisor of 26 and 2015.
13
Calculate the greatest common divisor of 8245 and 6305.
485
Calculate the greatest common divisor of 203 and 1673.
7
What is the highest common divisor of 4030 and 78?
26
What is the highest common factor of 63 and 112?
7
What is the highest common factor of 393 and 9694?
131
What is the highest common divisor of 2838 and 6?
6
What is the greatest common divisor of 12 and 150?
6
What is the greatest common divisor of 30377 and 74?
37
Calculate the greatest common factor of 55 and 143.
11
What is the highest common factor of 4 and 32?
4
Calculate the greatest common factor of 126 and 70.
14
Calculate the greatest common factor of 285 and 361.
19
What is the highest common divisor of 48 and 272?
16
Calculate the greatest common divisor of 116 and 16.
4
Calculate the highest common factor of 3 and 16.
1
What is the greatest common factor of 11 and 539?
11
Calculate the greatest common divisor of 13 and 8359.
13
What is the highest common divisor of 1240 and 1480?
40
Calculate the highest common divisor of 2 and 151.
1
Calculate the greatest common factor of 4816 and 1456.
112
What is the greatest common factor of 8 and 215?
1
Calculate the greatest common divisor of 765 and 90.
45
Calculate the greatest common factor of 5 and 205.
5
What is the greatest common divisor of 60 and 18340?
20
What is the greatest common factor of 228 and 42?
6
What is the greatest common factor of 236 and 15340?
236
What is the highest common factor of 108 and 1674?
54
Calculate the highest common divisor of 4098 and 6.
6
Calculate the greatest common factor of 315 and 72.
9
What is the highest common factor of 1456 and 448?
112
What is the highest common